/14).
22
Suppose -6161 = -34*r + 29*r - a, r - 1249 = 4*a. Calculate the remainder when r is divided by 46.
37
Let z = 163 + -144. Calculate the remainder when 199 is divided by z + 0 + 3 - (-2)/(-1).
19
Let g(y) = -y**3 - 3*y**2 + y + 7. Let c be g(-3). Suppose -11 = -d + c*k - 4, -4*d + k + 28 = 0. Calculate the remainder when 44 is divided by d.
2
Calculate the remainder when 3779 is divided by 441/882*(2 - 40/(-2)).
6
Suppose 387 = 50*u - 463. Let l(y) = -16*y - 4. Let g(a) = -1. Let w(t) = 6*g(t) - l(t). What is the remainder when w(4) is divided by u?
11
Let h(i) = -i**3 + 5*i**2 + 8*i - 4. Let t be h(5). What is the remainder when (11 - -2)/(4/t) is divided by (-1 - (-24)/1) + 1?
21
Let v = 32 + 2. Suppose -28 = 3*k + 4*c, -8*c + 10*c = 3*k + 4. What is the remainder when v is divided by (0/4 + -9)/(3/k)?
10
Suppose 0 = -2*g + 44 + 70 - 60. What is the remainder when 60 is divided by g?
6
Suppose -3129 = 239*w - 147724. What is the remainder when 632 is divided by w?
27
Suppose -b = -5*z - 32, 52 = 5*b - 0*b + 2*z. Suppose y - 119 = -5*a, -11*y = -b*y + 5*a + 79. Calculate the remainder when y is divided by 6.
3
Let j be 116/2 + 0/(-3). Let c = 2823 - 2801. Suppose -i + c = -j. Calculate the remainder when i is divided by 41.
39
Let h(u) = -4*u**3 + 123*u**2 + 35*u + 45. Calculate the remainder when h(31) is divided by 74.
21
Suppose 5*n - o - 51 = -4*o, -4*n = 2*o - 40. Let x = 17 - 15. Let v(r) = r + 1. What is the remainder when n is divided by v(x)?
0
Suppose 21*n - 7738 = -2803. Suppose -i + n = i + o, -2 = -2*o. What is the remainder when i is divided by 34?
15
Calculate the remainder when 1626 is divided by (495/36)/(-2 - (-42)/16).
20
Let b(d) = d**2 + 7*d + 3. Suppose 3*u - 555 = -4*c + 476, 2*c = -2*u + 686. Let i = 348 - u. What is the remainder when i is divided by b(-7)?
1
Let s = 7008 - 6945. Calculate the remainder when s is divided by 20.
3
Suppose -421*l + 429*l + 16 = 0. Calculate the remainder when 183 is divided by (136/4)/(l - (-24)/6).
13
Let r(a) = -1680*a**3 + 18*a**2 + 30*a + 3. Let j be r(-2). What is the remainder when 2/8 - j/(-260) is divided by 10?
2
Suppose 5 = 3*r - 7. Suppose -440 = -5*z + 5*g, r*g = -0*g - 8. Suppose 4*j = o + 21 + 71, 5*o - 24 = -2*j. What is the remainder when z is divided by j?
20
Calculate the remainder when 108/(-36) + ((-2)/(-5) - 157230/(-50)) is divided by 315.
307
Suppose -3*v + 648 = -3*n - 0*n, -v + 3*n = -226. Let x = -410441 - -410463. What is the remainder when v is divided by x?
13
Suppose 3*t - 54 - 51 = -4*m, 4*m - 125 = t. Suppose -m = -6*d + 48. Let h(r) = -r**2 + 4*r + 54. What is the remainder when d is divided by h(9)?
4
Suppose -200*u + 2642 = -6758. Calculate the remainder when 1689 is divided by u.
44
Let o(w) = w**3 + 88*w**2 - 2*w - 120. Calculate the remainder when o(-88) is divided by (-16)/(0 + 1/(-2)).
24
Let x(n) = -n**2 - 10*n + 90. Suppose 7 = 4*s + z + 3, 3*s = 4*z + 22. Suppose 0 = -0*y - s*y + 114. What is the remainder when y is divided by x(-15)?
12
Let u(v) = -94*v - 20. Let k(z) = z**3 - 7*z**2 + 9*z + 1. Let o be k(2). Calculate the remainder when u(o) is divided by 15.
14
Let a(v) = 119*v**2 + 1069*v + 12. Suppose -2*g - 2 = -0, -2*f + 37 = -5*g. What is the remainder when a(-9) is divided by f?
14
Let x(y) = 122*y**3 + 12*y**2 - 11*y + 4. What is the remainder when 501 is divided by x(1)?
120
Suppose -484*z + 243 = -483*z. What is the remainder when z is divided by 66?
45
Suppose 43*b + 26 = 45*b. Suppose -b*u + 9*u = -2*x + 134, 65 = x - 4*u. Calculate the remainder when 134 is divided by x.
65
Let x(w) = 2*w**2 + 6*w - 24. Suppose 9*u + 80 = 26. Calculate the remainder when x(u) is divided by 10.
2
Let y(j) = -8*j - 1. Suppose -2*q - 83*f + 87*f + 70 = 0, -7*q + 157 = -3*f. What is the remainder when q is divided by y(-1)?
5
Let f = 14 + 68. What is the remainder when f is divided by (-3)/5*28855/(-597)?
24
Suppose -130 = -52*b + 49*b + 4*f, -4*b + 148 = f. Calculate the remainder when 103 is divided by b.
27
Let i = -108 + 120. Let w = 179 + -89. Let l = w - 87. What is the remainder when i is divided by l?
0
Suppose -3*g = 3*d - 33, -3*g + 62 = 5*d + 3. Suppose 0 = -d*c + 9 + 56. Suppose 70 = c*j + 10. Calculate the remainder when 19 is divided by j.
7
Suppose -3*c - 2*p - 26 = 0, 2*p - 5 = -2*c - 23. What is the remainder when 99 is divided by 9 - 1 - (c + 6)?
9
Suppose 98 - 10 = 2*y + 3*o, 0 = -3*y + 4*o + 132. Let s(x) = x**2 + 32*x + 85. Let r = 59 - 89. Calculate the remainder when y is divided by s(r).
19
What is the remainder when 311 is divided by (11 - 4*(-55)/(-22))*118?
75
Suppose o = -z + 130, 72*z + 3*o - 140 = 71*z. What is the remainder when 736 is divided by z?
111
Let f be (-5)/(-45)*30*6/4. Suppose -4*b = -51*i + 53*i, 5*i = f*b + 75. Suppose -3*m = -19 - 125. What is the remainder when m is divided by i?
8
Let s(c) = 26*c + 10. Let x(a) = a**2 - 6*a. Let v be x(3). Let k = v - -12. What is the remainder when s(k) is divided by 19?
12
Let u = 14924 - 11575. Calculate the remainder when u is divided by 1108.
25
Let p = -214 + 216. Calculate the remainder when (0 + -4)*(-190)/8 - p is divided by 5.
3
Let l be (-7)/14*(7 - 5). Let c = 24 + l. Suppose -4*h - 89 = -5*h. Calculate the remainder when h is divided by c.
20
Let n(u) = u + 16. Let r be (-1)/(-7) + (5772/21 - -12). Let b = 348 - r. Calculate the remainder when b is divided by n(0).
13
Let m be 2 + 1 + -33 + 33. Suppose 2*n = 19*l - 20*l + 51, 5*l = m*n + 307. What is the remainder when l is divided by 20?
19
Let s(v) = 329*v**3 + v**2 - 3*v + 1. Let o be s(1). Let w be o/12*(-6)/4. Let p = w - -55. Calculate the remainder when p is divided by 5.
4
Suppose 88 = -7*p + 3161. Let n = -394 + p. What is the remainder when 89 is divided by n?
44
Let p = -6799 - -6809. Calculate the remainder when 241 is divided by p.
1
Suppose 146*a + 269 = 131*a + 1034. What is the remainder when a is divided by 32?
19
Let h(z) be the first derivative of 11*z**4/4 - z**2/2 + z + 9. Let d be h(1). Suppose 2*v - d = 3. Calculate the remainder when v is divided by 2.
1
Let w = 10514 + -4774. What is the remainder when w is divided by 47?
6
Let r(m) be the first derivative of -3*m**4/2 + m**2 + 3*m + 46. What is the remainder when 39 is divided by r(-1)?
4
Suppose -609 + 613 = 2*n. What is the remainder when (9/n)/(102/1632) is divided by 22?
6
Let z(m) = -m**3 - 6*m**2 - 2*m - 9. Suppose 5*v + 10*x - 7*x - 92 = 0, -x = -5*v + 96. What is the remainder when z(-7) is divided by v?
16
Let n(x) = x**3 + 24*x**2 + 126*x + 3. Calculate the remainder when 1303 is divided by n(-8).
11
Suppose 8356 - 2565 = 76*a - 14425. What is the remainder when a is divided by 68?
62
Suppose 16 = 3*s + x, 2*x = -2*s + 4*x. Suppose 728 = s*z + 10*z. What is the remainder when z is divided by 3/(2/(0 + 6))?
7
Suppose -h + 11 = -2. Let o(g) = g**3 - 18*g**2 - 105*g + 197. Calculate the remainder when o(23) is divided by h.
11
Suppose 0 = -5*k + 10, -10 = 6*d - 7*d - 4*k. Let g(t) = 39*t - 35. What is the remainder when 124 is divided by g(d)?
38
Let i be ((-21 - -1) + 7)/(1/55). Let l = i + 1054. Suppose 0 = 4*a - l - 41. Calculate the remainder when a is divided by 24.
23
Suppose -641 = 31*n - 25*n - 3983. What is the remainder when 1673 is divided by n?
2
Suppose 3*w = 3*u - 12237, 2*w + 2845 = 4*u - 13477. What is the remainder when u is divided by 31?
21
Let u = 3123 + -3110. Calculate the remainder when u is divided by 10.
3
Suppose 30*g = 31*g + 2*s - 62, -g + 3*s = -67. What is the remainder when g is divided by 26?
12
Let v(r) = r**3 - 71*r**2 - 218*r - 284. Calculate the remainder when 47 is divided by v(74).
11
Let g = -13 + 23. Suppose g + 160 = 10*t. What is the remainder when 61 is divided by t?
10
Suppose -218 + 278 = 20*v. Calculate the remainder when 6349 is divided by v.
1
Calculate the remainder when 6 - ((-2 - -17) + -1771) is divided by 161.
152
Calculate the remainder when 181 is divided by 8 + -1 + ((-1090)/(0 + -5))/2.
65
Let v = 109 - 107. Let l(j) = -9 + v*j - 5*j - j + 62. Calculate the remainder when l(6) is divided by 15.
14
Suppose r = -9*r + 5860. Let u = r - 570. Calculate the remainder when 286 is divided by u.
14
Let h(z) = z**3 - 5*z**2 - 13*z - 5. Let m be h(7). Suppose m*k + 